{"id":4560,"date":"2019-04-06T23:49:27","date_gmt":"2019-04-06T21:49:27","guid":{"rendered":"https:\/\/www.catenedaneve.com\/site\/?page_id=4560"},"modified":"2020-11-27T10:16:28","modified_gmt":"2020-11-27T09:16:28","slug":"catene-da-neve-a-ragno-spikes-spider-sport","status":"publish","type":"page","link":"https:\/\/www.catenedaneve.com\/site\/catene-da-neve-a-ragno-spikes-spider-sport\/","title":{"rendered":"Catene da neve a ragno Spikes Spider Sport"},"content":{"rendered":"<div class=\"flex_column av_one_half  av-animated-generic left-to-right  flex_column_div av-zero-column-padding first  avia-builder-el-0  el_before_av_one_half  avia-builder-el-first  \" style='background: #f7f7f7; background-color:#f7f7f7; border-radius:0px; '><p><div  class=\"tabcontainer   top_tab   avia-builder-el-1  el_before_av_video  avia-builder-el-first \" role=\"tablist\">\n\n<section class=\"av_tab_section\"  itemscope=\"itemscope\" itemtype=\"https:\/\/schema.org\/CreativeWork\" ><div aria-controls=\"tab-id-1-content\" role=\"tab\" tabindex=\"0\" data-fake-id=\"#tab-id-1\" class=\"tab active_tab\"  itemprop=\"headline\" ><span class='tab_icon' aria-hidden='true' data-av_icon='\ue80f' data-av_iconfont='entypo-fontello'><\/span>Obliquo<\/div>\n<div id=\"tab-id-1-content\" class=\"tab_content active_tab_content\" aria-hidden=\"false\">\n<div class=\"tab_inner_content invers-color\"  itemprop=\"text\" >\n<p><img loading=\"lazy\" class=\"aligncenter wp-image-4053 size-medium\" title=\"Catene da neve a ragno Spikes Spider Sport\" src=\"https:\/\/www.catenedaneve.com\/site\/wp-content\/uploads\/2019\/04\/Spikes_Spider_Sport_2-300x275.jpg\" alt=\"Catene da neve a ragno Spikes Spider Sport\" width=\"300\" height=\"275\" srcset=\"https:\/\/www.catenedaneve.com\/site\/wp-content\/uploads\/2019\/04\/Spikes_Spider_Sport_2-300x275.jpg 300w, https:\/\/www.catenedaneve.com\/site\/wp-content\/uploads\/2019\/04\/Spikes_Spider_Sport_2-705x646.jpg 705w, https:\/\/www.catenedaneve.com\/site\/wp-content\/uploads\/2019\/04\/Spikes_Spider_Sport_2-450x412.jpg 450w, https:\/\/www.catenedaneve.com\/site\/wp-content\/uploads\/2019\/04\/Spikes_Spider_Sport_2.jpg 763w\" sizes=\"(max-width: 300px) 100vw, 300px\" \/><\/p>\n\n<\/div>\n<\/div>\n<\/section>\n\n<\/div>\n<br \/>\n<div  class='avia-video avia-video-16-9   av-lazyload-immediate  av-lazyload-video-embed  '   itemprop=\"video\" itemtype=\"https:\/\/schema.org\/VideoObject\"  data-original_url='https:\/\/youtu.be\/IH5MEAIuH8Y' ><script type='text\/html' class='av-video-tmpl'><div class='avia-iframe-wrap'><iframe width=\"1333\" height=\"1000\" src=\"https:\/\/www.youtube.com\/embed\/IH5MEAIuH8Y?feature=oembed&autoplay=0&loop=0&controls=1&mute=0\" frameborder=\"0\" allow=\"accelerometer; autoplay; encrypted-media; gyroscope; picture-in-picture\" allowfullscreen><\/iframe><\/div><\/script><div class='av-click-to-play-overlay'><div class=\"avia_playpause_icon\"><\/div><\/div><\/div><br \/>\n<div  class='avia-video avia-video-16-9   av-lazyload-immediate  av-lazyload-video-embed  '   itemprop=\"video\" itemtype=\"https:\/\/schema.org\/VideoObject\"  data-original_url='https:\/\/youtu.be\/LmebLJU0Uro' ><script type='text\/html' class='av-video-tmpl'><div class='avia-iframe-wrap'><iframe width=\"1333\" height=\"1000\" src=\"https:\/\/www.youtube.com\/embed\/LmebLJU0Uro?feature=oembed&autoplay=0&loop=0&controls=1&mute=0\" frameborder=\"0\" allow=\"accelerometer; autoplay; encrypted-media; gyroscope; picture-in-picture\" allowfullscreen><\/iframe><\/div><\/script><div class='av-click-to-play-overlay'><div class=\"avia_playpause_icon\"><\/div><\/div><\/div><\/p><\/div><div class=\"flex_column av_one_half  av-animated-generic right-to-left  flex_column_div av-zero-column-padding   avia-builder-el-4  el_after_av_one_half  el_before_av_section  avia-builder-el-last  \" style='border-radius:0px; '><section class=\"av_textblock_section \"  itemscope=\"itemscope\" itemtype=\"https:\/\/schema.org\/CreativeWork\" ><div class='avia_textblock  '   itemprop=\"text\" ><h2>Catene da neve a ragno Spikes Spider Sport<\/h2>\n<p>Le catene da neve a ragno Spikes Spider Sport sono catene da neve con ottima trazione, indicate per vetture ad alte prestazioni, con pneumatici a sezione larga e veicoli pesanti di grosse dimensioni, autovetture, monovolume, Suv. Infatti grazie al sistema di microregolazione \u00e8 adattabile perfettamente a ogni tipo di pneumatico. Quindi sono la perfetta soluzione per veicoli con limitazioni alla catenbilit\u00e0.<\/p>\n<p>Di produzione svizzera, la Spikes Spider \u00e8 stata la prima catena da neve ad ancoraggio esterno ad apparire sul mercato, un successo istantaneo che \u00e8 continuato negli anni grazie alla qualit\u00e0 dei materiali usati, alla semplicit\u00e0 del montaggio (si monta in trenta secondi, come illustrato nel video accanto) e alla disponibilit\u00e0 di parti di ricambio che consentono di prolungare la vita del prodotto. Inoltre la Spikes Spider non avendo parti all&#8217;interno della ruota risolve alla radice i problemi di catenabilit\u00e0 di molti mezzi che hanno limitazioni al montaggio delle catene da neve tradizionali. La Spikes Spider Sport \u00e8 disponibile in sette gruppi che coprono tutte le misure pi\u00f9 comuni degli pneumatici.<\/p>\n<p>Per montare la Spikes Spider \u00e8 necessario premontare una piastra sul cerchione dello pneumatico. \u00c8 un&#8217;operazione che si esegue una volta sola all&#8217;inizio della stagione e per effettuarla non bisogna sostituire i bulloni della ruota o togliere la stessa. Il montaggio della piastra \u00e8 semplice, pu\u00f2 essere fatto da soli, tutto ci\u00f2 che serve \u00e8 contenuto nella scatola degli adattatori che \u00e8 venduta con la Spikes Spider.<\/p>\n<h3><strong>Omologazioni<\/strong><\/h3>\n<p>La catena da neve Spikes Spider Sport possiede le <a href=\"https:\/\/www.catenedaneve.com\/site\/guida-alle-omologazioni\/\">omologazioni<\/a>: O-Norm 5117, TUV.<\/p>\n<\/div><\/section><\/div><\/div><\/div><\/div><!-- close content main div --><\/div><\/div><div id='av_section_1'  class='avia-section main_color avia-section-default avia-no-border-styling  avia-bg-style-scroll  avia-builder-el-6  el_after_av_one_half  avia-builder-el-last   container_wrap sidebar_right' style=' '  ><div class='container' ><div class='template-page content  av-content-small alpha units'><div class='post-entry post-entry-type-page post-entry-4560'><div class='entry-content-wrapper clearfix'>\n<div  class='avia-icon-grid-container    avia-builder-el-7  avia-builder-el-no-sibling '><ul id='avia-icongrid-69ea01ee80f36' class='clearfix avia-icongrid avia-icongrid-flipbox  avia-icongrid-numrow-4 avia-icongrid-borders-none avia_animate_when_almost_visible' >\n<li><a href='https:\/\/www.catenedaneve.com\/images\/pdf\/Catalogo_spikes_spider_low.pdf' title='Catalogo' target=\"_blank\" rel=\"noopener noreferrer\" class='avia-icongrid-wrapper'><article  class=\"article-icon-entry av-icongrid-empty\"  itemscope=\"itemscope\" itemtype=\"https:\/\/schema.org\/CreativeWork\" ><div class='avia-icongrid-front' ><div class='avia-icongrid-inner'><div  class='avia-icongrid-icon  avia-font-entypo-fontello'><span class='icongrid-char ' aria-hidden='true' data-av_icon='\ue84e' data-av_iconfont='entypo-fontello'><\/span><\/div><header class=\"entry-content-header\"><h4 class='av_icongrid_title icongrid_title  '  itemprop=\"headline\"  >Catalogo<\/h4><\/header><\/div><\/div><div class='avia-icongrid-content' ><div class='avia-icongrid-inner' ><div class='avia-icongrid-text '  itemprop=\"text\" ><\/div><\/div><\/div><\/article><\/a><\/li>\n<li><a href='https:\/\/www.catenedaneve.com\/images\/pdf\/Catalogo_spikes_spider_Tabella_Applicazione.pdf' title='Tabella Applicazione' target=\"_blank\" rel=\"noopener noreferrer\" class='avia-icongrid-wrapper'><article  class=\"article-icon-entry \"  itemscope=\"itemscope\" itemtype=\"https:\/\/schema.org\/CreativeWork\" ><div class='avia-icongrid-front' ><div class='avia-icongrid-inner'><div  class='avia-icongrid-icon  avia-font-entypo-fontello'><span class='icongrid-char ' aria-hidden='true' data-av_icon='\ue84c' data-av_iconfont='entypo-fontello'><\/span><\/div><header class=\"entry-content-header\"><h4 class='av_icongrid_title icongrid_title  '  itemprop=\"headline\"  >Tabella Applicazione<\/h4><\/header><\/div><\/div><div class='avia-icongrid-content' ><div class='avia-icongrid-inner' ><div class='avia-icongrid-text '  itemprop=\"text\" ><p>Grid Content goes here<\/p>\n<\/div><\/div><\/div><\/article><\/a><\/li>\n<li><a href='https:\/\/www.catenedaneve.com\/store\/content\/6-configuratori' title='Configuratore'  class='avia-icongrid-wrapper' ><article  class=\"article-icon-entry av-icongrid-empty\"  itemscope=\"itemscope\" itemtype=\"https:\/\/schema.org\/CreativeWork\" ><div class='avia-icongrid-front' ><div class='avia-icongrid-inner'><div  class='avia-icongrid-icon  avia-font-entypo-fontello'><span class='icongrid-char ' aria-hidden='true' data-av_icon='\ue845' data-av_iconfont='entypo-fontello'><\/span><\/div><header class=\"entry-content-header\"><h4 class='av_icongrid_title icongrid_title  '  itemprop=\"headline\"  >Configuratore<\/h4><\/header><\/div><\/div><div class='avia-icongrid-content' ><div class='avia-icongrid-inner' ><div class='avia-icongrid-text '  itemprop=\"text\" ><\/div><\/div><\/div><\/article><\/a><\/li>\n<li><a href='https:\/\/catenedaneve.com\/store\/35-spikes-spider-sport' title='Acquista'  class='avia-icongrid-wrapper' ><article  class=\"article-icon-entry av-icongrid-empty\"  itemscope=\"itemscope\" itemtype=\"https:\/\/schema.org\/CreativeWork\" ><div class='avia-icongrid-front' ><div class='avia-icongrid-inner'><div  class='avia-icongrid-icon  avia-font-entypo-fontello'><span class='icongrid-char ' aria-hidden='true' data-av_icon='\ue859' data-av_iconfont='entypo-fontello'><\/span><\/div><header class=\"entry-content-header\"><h4 class='av_icongrid_title icongrid_title  '  itemprop=\"headline\"  >Acquista<\/h4><\/header><\/div><\/div><div class='avia-icongrid-content' ><div class='avia-icongrid-inner' ><div class='avia-icongrid-text '  itemprop=\"text\" ><\/div><\/div><\/div><\/article><\/a><\/li>\n<\/ul><\/div>\n<\/div><\/div><\/div><!-- close content main div --><\/div><\/div><div id='after_section_1'  class='main_color av_default_container_wrap container_wrap sidebar_right' style=' '  ><div class='container' ><div class='template-page content  av-content-small alpha units'><div class='post-entry post-entry-type-page post-entry-4560'><div class='entry-content-wrapper clearfix'><\/p>\n","protected":false},"excerpt":{"rendered":"","protected":false},"author":2,"featured_media":0,"parent":0,"menu_order":0,"comment_status":"closed","ping_status":"closed","template":"","meta":[],"yoast_head":"<!-- This site is optimized with the Yoast SEO plugin v16.3 - https:\/\/yoast.com\/wordpress\/plugins\/seo\/ -->\n<title>Catene da neve a ragno Spikes Spider Sport | Centro catene da neve<\/title>\n<meta name=\"description\" content=\"Catene da neve a ragno Spikes Spider Sport, facili e sicure, ideali per chi vuole un prodotto veloce ma di elevata qualita su autovetture e SUV\" \/>\n<meta name=\"robots\" content=\"index, follow, max-snippet:-1, max-image-preview:large, max-video-preview:-1\" \/>\n<link rel=\"canonical\" href=\"https:\/\/www.catenedaneve.com\/site\/catene-da-neve-a-ragno-spikes-spider-sport\/\" \/>\n<meta property=\"og:locale\" content=\"it_IT\" \/>\n<meta property=\"og:type\" content=\"article\" \/>\n<meta property=\"og:title\" content=\"Catene da neve a ragno Spikes Spider Sport | Centro catene da neve\" \/>\n<meta property=\"og:description\" content=\"Catene da neve a ragno Spikes Spider Sport, facili e sicure, ideali per chi vuole un prodotto veloce ma di elevata qualita su autovetture e SUV\" \/>\n<meta property=\"og:url\" content=\"https:\/\/www.catenedaneve.com\/site\/catene-da-neve-a-ragno-spikes-spider-sport\/\" \/>\n<meta property=\"og:site_name\" content=\"K2 Centro Catene da neve K\u00f6nig\" \/>\n<meta property=\"article:publisher\" content=\"https:\/\/www.facebook.com\/centrocateneneve\/\" \/>\n<meta property=\"article:modified_time\" content=\"2020-11-27T09:16:28+00:00\" \/>\n<meta property=\"og:image\" content=\"https:\/\/www.catenedaneve.com\/site\/wp-content\/uploads\/2019\/04\/Spikes_Spider_Sport_2-300x275.jpg\" \/>\n<meta name=\"twitter:card\" content=\"summary_large_image\" \/>\n<meta name=\"twitter:site\" content=\"@neveforeveramen\" \/>\n<meta name=\"twitter:label1\" content=\"Tempo di lettura stimato\">\n\t<meta name=\"twitter:data1\" content=\"7 minuti\">\n<script type=\"application\/ld+json\" class=\"yoast-schema-graph\">{\"@context\":\"https:\/\/schema.org\",\"@graph\":[{\"@type\":\"Organization\",\"@id\":\"https:\/\/www.catenedaneve.com\/site\/#organization\",\"name\":\"K2 SRL\",\"url\":\"https:\/\/www.catenedaneve.com\/site\/\",\"sameAs\":[\"https:\/\/www.facebook.com\/centrocateneneve\/\",\"https:\/\/www.youtube.com\/user\/K2CentroCateneNeve\",\"https:\/\/twitter.com\/neveforeveramen\"],\"logo\":{\"@type\":\"ImageObject\",\"@id\":\"https:\/\/www.catenedaneve.com\/site\/#logo\",\"inLanguage\":\"it-IT\",\"url\":\"https:\/\/www.catenedaneve.com\/site\/wp-content\/uploads\/2019\/11\/k2_logo_medium.jpg\",\"contentUrl\":\"https:\/\/www.catenedaneve.com\/site\/wp-content\/uploads\/2019\/11\/k2_logo_medium.jpg\",\"width\":193,\"height\":140,\"caption\":\"K2 SRL\"},\"image\":{\"@id\":\"https:\/\/www.catenedaneve.com\/site\/#logo\"}},{\"@type\":\"WebSite\",\"@id\":\"https:\/\/www.catenedaneve.com\/site\/#website\",\"url\":\"https:\/\/www.catenedaneve.com\/site\/\",\"name\":\"Catene da neve Konig\",\"description\":\"catene da neve\",\"publisher\":{\"@id\":\"https:\/\/www.catenedaneve.com\/site\/#organization\"},\"potentialAction\":[{\"@type\":\"SearchAction\",\"target\":\"https:\/\/www.catenedaneve.com\/site\/?s={search_term_string}\",\"query-input\":\"required name=search_term_string\"}],\"inLanguage\":\"it-IT\"},{\"@type\":\"ImageObject\",\"@id\":\"https:\/\/www.catenedaneve.com\/site\/catene-da-neve-a-ragno-spikes-spider-sport\/#primaryimage\",\"inLanguage\":\"it-IT\",\"url\":\"https:\/\/www.catenedaneve.com\/site\/wp-content\/uploads\/2019\/04\/Spikes_Spider_Sport_2.jpg\",\"contentUrl\":\"https:\/\/www.catenedaneve.com\/site\/wp-content\/uploads\/2019\/04\/Spikes_Spider_Sport_2.jpg\",\"width\":763,\"height\":699,\"caption\":\"catene da neve Spikes Spider Sport\"},{\"@type\":\"WebPage\",\"@id\":\"https:\/\/www.catenedaneve.com\/site\/catene-da-neve-a-ragno-spikes-spider-sport\/#webpage\",\"url\":\"https:\/\/www.catenedaneve.com\/site\/catene-da-neve-a-ragno-spikes-spider-sport\/\",\"name\":\"Catene da neve a ragno Spikes Spider Sport | Centro catene da neve\",\"isPartOf\":{\"@id\":\"https:\/\/www.catenedaneve.com\/site\/#website\"},\"primaryImageOfPage\":{\"@id\":\"https:\/\/www.catenedaneve.com\/site\/catene-da-neve-a-ragno-spikes-spider-sport\/#primaryimage\"},\"datePublished\":\"2019-04-06T21:49:27+00:00\",\"dateModified\":\"2020-11-27T09:16:28+00:00\",\"description\":\"Catene da neve a ragno Spikes Spider Sport, facili e sicure, ideali per chi vuole un prodotto veloce ma di elevata qualita su autovetture e SUV\",\"breadcrumb\":{\"@id\":\"https:\/\/www.catenedaneve.com\/site\/catene-da-neve-a-ragno-spikes-spider-sport\/#breadcrumb\"},\"inLanguage\":\"it-IT\",\"potentialAction\":[{\"@type\":\"ReadAction\",\"target\":[\"https:\/\/www.catenedaneve.com\/site\/catene-da-neve-a-ragno-spikes-spider-sport\/\"]}]},{\"@type\":\"BreadcrumbList\",\"@id\":\"https:\/\/www.catenedaneve.com\/site\/catene-da-neve-a-ragno-spikes-spider-sport\/#breadcrumb\",\"itemListElement\":[{\"@type\":\"ListItem\",\"position\":1,\"item\":{\"@type\":\"WebPage\",\"@id\":\"https:\/\/www.catenedaneve.com\/site\/\",\"url\":\"https:\/\/www.catenedaneve.com\/site\/\",\"name\":\"Home\"}},{\"@type\":\"ListItem\",\"position\":2,\"item\":{\"@id\":\"https:\/\/www.catenedaneve.com\/site\/catene-da-neve-a-ragno-spikes-spider-sport\/#webpage\"}}]}]}<\/script>\n<!-- \/ Yoast SEO plugin. -->","_links":{"self":[{"href":"https:\/\/www.catenedaneve.com\/site\/wp-json\/wp\/v2\/pages\/4560"}],"collection":[{"href":"https:\/\/www.catenedaneve.com\/site\/wp-json\/wp\/v2\/pages"}],"about":[{"href":"https:\/\/www.catenedaneve.com\/site\/wp-json\/wp\/v2\/types\/page"}],"author":[{"embeddable":true,"href":"https:\/\/www.catenedaneve.com\/site\/wp-json\/wp\/v2\/users\/2"}],"replies":[{"embeddable":true,"href":"https:\/\/www.catenedaneve.com\/site\/wp-json\/wp\/v2\/comments?post=4560"}],"version-history":[{"count":0,"href":"https:\/\/www.catenedaneve.com\/site\/wp-json\/wp\/v2\/pages\/4560\/revisions"}],"wp:attachment":[{"href":"https:\/\/www.catenedaneve.com\/site\/wp-json\/wp\/v2\/media?parent=4560"}],"curies":[{"name":"wp","href":"https:\/\/api.w.org\/{rel}","templated":true}]}}