{"id":3691,"date":"2019-03-29T14:52:52","date_gmt":"2019-03-29T13:52:52","guid":{"rendered":"https:\/\/www.catenedaneve.com\/site\/?page_id=3691"},"modified":"2023-10-10T15:34:17","modified_gmt":"2023-10-10T13:34:17","slug":"catene-da-neve-konig-per-auto","status":"publish","type":"page","link":"https:\/\/www.catenedaneve.com\/site\/catene-da-neve-konig-per-auto\/","title":{"rendered":"Le Catene Da Neve K\u00f6nig Per Auto"},"content":{"rendered":"<div id='av_section_1'  class='avia-section main_color avia-section-default avia-no-border-styling  av-section-color-overlay-active avia-bg-style-scroll  avia-builder-el-0  el_before_av_section  avia-builder-el-first   av-minimum-height av-minimum-height-custom  container_wrap sidebar_right' style='background-repeat: no-repeat; background-image: url(https:\/\/www.catenedaneve.com\/site\/wp-content\/uploads\/2019\/04\/Konig_AUDI_K-Summit_HR-2.jpg);background-attachment: scroll; background-position: center center;  '  data-section-bg-repeat='no-repeat'><div class='av-section-color-overlay-wrap'><div class='av-section-color-overlay' style='opacity: 0.5; background-color: #35383c; '><\/div><div class='container' style='height:400px'><main  role=\"main\" itemprop=\"mainContentOfPage\"  class='template-page content  av-content-small alpha units'><div class='post-entry post-entry-type-page post-entry-3691'><div class='entry-content-wrapper clearfix'>\n<div  style='padding-bottom:10px; color:#ffffff;' class='av-special-heading av-special-heading-h1 custom-color-heading blockquote modern-quote modern-centered  avia-builder-el-1  avia-builder-el-no-sibling  '><h1 class='av-special-heading-tag '  itemprop=\"headline\"  >Catene Da Neve K\u00f6nig Per Auto<\/h1><div class='special-heading-border'><div class='special-heading-inner-border' style='border-color:#ffffff'><\/div><\/div><\/div>\n\n<\/div><\/div><\/main><!-- close content main element --><\/div><\/div><\/div><div id='av_section_2'  class='avia-section main_color avia-section-default avia-no-border-styling  avia-bg-style-scroll  avia-builder-el-2  el_after_av_section  el_before_av_one_full   av-arrow-down-section container_wrap sidebar_right' style='background-color: #d1d1d1;  '  ><div class='container' ><div class='template-page content  av-content-small alpha units'><div class='post-entry post-entry-type-page post-entry-3691'><div class='entry-content-wrapper clearfix'>\n<section class=\"av_textblock_section \"  itemscope=\"itemscope\" itemtype=\"https:\/\/schema.org\/CreativeWork\" ><div class='avia_textblock  '   itemprop=\"text\" ><p>Il nostro obiettivo \u00e8 di aiutarti a scegliere le Catene Da Neve K\u00f6nig per auto giuste. Innanzitutto, controlla se il tuo veicolo ha limitazioni al tipo di catena che puoi montare. \u00c8 scritto sul Libretto Uso e Manutenzione alla voce \u2018catene da neve\u2019 oppure puoi usare <a href=\"https:\/\/www.catenedaneve.com\/store\/content\/6-configuratori\">il configuratore<\/a> del nostro negozio che ti indicher\u00e0 anche le catene da neve K\u00f6nig testate per il tuo veicolo.<\/p>\n<p>Puoi scegliere catene da neve di facile montaggio come le K\u00f6nig <a href=\"https:\/\/www.catenedaneve.com\/site\/catene-da-neve-konig-reflex-edge\/\">Reflex Edge<\/a>, le K\u00f6nig<a href=\"https:\/\/www.catenedaneve.com\/site\/catene-da-neve-konig-k-summit\/\"> K-Summit<\/a> e le K\u00f6nig <a href=\"https:\/\/www.catenedaneve.com\/site\/catene-da-neve-konig-easy-fit-cu-9\/\">Easy-fit CU-9<\/a> oppure catene dal montaggio tradizionale con autotensionatore (le monti e non devi fermarti nuovamente a ritensionare) come le K\u00f6nig <a href=\"https:\/\/www.catenedaneve.com\/site\/catene-da-neve-konig-cg-9\/\">CG-9<\/a>. Infine see cerchi una catena senza autotensionatore (la monti, fai qualche metro e poi ti fermi a ritensionare) ti consigliamo le K\u00f6nig <a href=\"https:\/\/www.catenedaneve.com\/site\/catene-da-neve-konig-cd-9\/\">CD-9<\/a> o la linea economica della K\u00f6nig <a href=\"https:\/\/www.catenedaneve.com\/site\/catene-da-neve-konig-e9\/\">E9<\/a>. Per altre informazioni visita la nostra sezione delle <a href=\"https:\/\/www.catenedaneve.com\/site\/faq\/\">domande pi\u00f9 frequenti<\/a>. Tutte le catene che vendiamo sono <a href=\"https:\/\/www.catenedaneve.com\/site\/guida-alle-omologazioni\/\">omologate<\/a> a norma di legge.<\/p>\n<\/div><\/section>\n<\/div><\/div><\/div><!-- close content main div --><\/div><div class='av-extra-border-element border-extra-arrow-down'><div class='av-extra-border-outer'><div class='av-extra-border-inner'  style='background-color:#d1d1d1;' ><\/div><\/div><\/div><\/div><div id='after_section_2'  class='main_color av_default_container_wrap container_wrap sidebar_right' style=' '  ><div class='container' ><div class='template-page content  av-content-small alpha units'><div class='post-entry post-entry-type-page post-entry-3691'><div class='entry-content-wrapper clearfix'><div class=\"flex_column av_one_full  av-animated-generic top-to-bottom  flex_column_div av-zero-column-padding first  avia-builder-el-4  el_after_av_section  el_before_av_one_full  avia-builder-el-first  \" style='border-radius:0px; '><div  id=\"accordion_slider_1\"  class='aviaccordion aviaccordion-title-active  ' style='max-height:705px' data-av-maxheight='705' data-autoplay='false' data-interval='5'   itemscope=\"itemscope\" itemtype=\"https:\/\/schema.org\/Blog\" ><ul class='aviaccordion-inner'><li class='aviaccordion-slide aviaccordion-slide-1' style='left:0%' data-av-left='0'  itemscope=\"itemscope\" itemtype=\"https:\/\/schema.org\/CreativeWork\" ><a class='aviaccordion-slide-link noHover' href=\"https:\/\/www.catenedaneve.com\/site\/catene-da-neve-konig-reflex-edge\/\"  ><div class='aviaccordion-preview ' style='width:20.1%'><div class='aviaccordion-preview-title-pos'><div class='aviaccordion-preview-title-wrap'><div class='aviaccordion-preview-title'><h3 class='aviaccordion-title Konig Reflex Edge la rivoluzionaria '  itemprop=\"headline\"  >Konig Reflex Edge, la rivoluzionaria<\/h3><\/div><\/div><\/div><\/div><img width=\"591\" height=\"705\" src=\"https:\/\/www.catenedaneve.com\/site\/wp-content\/uploads\/2022\/09\/Konig_Reflex_Edge_oblique-2-591x705.jpg\" class=\"avia-img-lazy-loading-not-6293 aviaccordion-image\" alt=\"\" srcset=\"https:\/\/www.catenedaneve.com\/site\/wp-content\/uploads\/2022\/09\/Konig_Reflex_Edge_oblique-2-591x705.jpg 591w, https:\/\/www.catenedaneve.com\/site\/wp-content\/uploads\/2022\/09\/Konig_Reflex_Edge_oblique-2-251x300.jpg 251w, https:\/\/www.catenedaneve.com\/site\/wp-content\/uploads\/2022\/09\/Konig_Reflex_Edge_oblique-2-863x1030.jpg 863w, https:\/\/www.catenedaneve.com\/site\/wp-content\/uploads\/2022\/09\/Konig_Reflex_Edge_oblique-2-768x916.jpg 768w, https:\/\/www.catenedaneve.com\/site\/wp-content\/uploads\/2022\/09\/Konig_Reflex_Edge_oblique-2.jpg 1000w\" sizes=\"(max-width: 591px) 100vw, 591px\" \/><\/a><\/li><li class='aviaccordion-slide aviaccordion-slide-2' style='left:20%' data-av-left='20'  itemscope=\"itemscope\" itemtype=\"https:\/\/schema.org\/CreativeWork\" ><a class='aviaccordion-slide-link noHover' href=\"https:\/\/www.catenedaneve.com\/site\/catene-da-neve-konig-easy-fit-cu-9\/\"  ><div class='aviaccordion-preview ' style='width:20.1%'><div class='aviaccordion-preview-title-pos'><div class='aviaccordion-preview-title-wrap'><div class='aviaccordion-preview-title'><h3 class='aviaccordion-title  '  itemprop=\"headline\"  >Konig Easy-fit CU-9, superveloce<\/h3><\/div><\/div><\/div><\/div><img width=\"585\" height=\"705\" src=\"https:\/\/www.catenedaneve.com\/site\/wp-content\/uploads\/2023\/05\/Konig_EasyfitCU9_oblique-585x705.jpg\" class=\"avia-img-lazy-loading-not-6456 aviaccordion-image\" alt=\"\" srcset=\"https:\/\/www.catenedaneve.com\/site\/wp-content\/uploads\/2023\/05\/Konig_EasyfitCU9_oblique-585x705.jpg 585w, https:\/\/www.catenedaneve.com\/site\/wp-content\/uploads\/2023\/05\/Konig_EasyfitCU9_oblique-249x300.jpg 249w, https:\/\/www.catenedaneve.com\/site\/wp-content\/uploads\/2023\/05\/Konig_EasyfitCU9_oblique-768x925.jpg 768w, https:\/\/www.catenedaneve.com\/site\/wp-content\/uploads\/2023\/05\/Konig_EasyfitCU9_oblique.jpg 822w\" sizes=\"(max-width: 585px) 100vw, 585px\" \/><\/a><\/li><li class='aviaccordion-slide aviaccordion-slide-3' style='left:40%' data-av-left='40'  itemscope=\"itemscope\" itemtype=\"https:\/\/schema.org\/CreativeWork\" ><a class='aviaccordion-slide-link noHover' href=\"https:\/\/www.catenedaneve.com\/site\/catene-da-neve-konig-k-summit\/\"  ><div class='aviaccordion-preview ' style='width:20.1%'><div class='aviaccordion-preview-title-pos'><div class='aviaccordion-preview-title-wrap'><div class='aviaccordion-preview-title'><h3 class='aviaccordion-title  '  itemprop=\"headline\"  >Konig K-Summit, la pi\u00f9 innovativa<\/h3><\/div><\/div><\/div><\/div><img width=\"601\" height=\"705\" src=\"https:\/\/www.catenedaneve.com\/site\/wp-content\/uploads\/2023\/05\/Konig_KSummit_oblique-601x705.jpg\" class=\"avia-img-lazy-loading-not-6528 aviaccordion-image\" alt=\"\" srcset=\"https:\/\/www.catenedaneve.com\/site\/wp-content\/uploads\/2023\/05\/Konig_KSummit_oblique-601x705.jpg 601w, https:\/\/www.catenedaneve.com\/site\/wp-content\/uploads\/2023\/05\/Konig_KSummit_oblique-256x300.jpg 256w, https:\/\/www.catenedaneve.com\/site\/wp-content\/uploads\/2023\/05\/Konig_KSummit_oblique-768x901.jpg 768w, https:\/\/www.catenedaneve.com\/site\/wp-content\/uploads\/2023\/05\/Konig_KSummit_oblique.jpg 844w\" sizes=\"(max-width: 601px) 100vw, 601px\" \/><\/a><\/li><li class='aviaccordion-slide aviaccordion-slide-4' style='left:60%' data-av-left='60'  itemscope=\"itemscope\" itemtype=\"https:\/\/schema.org\/CreativeWork\" ><a class='aviaccordion-slide-link noHover' href=\"https:\/\/www.catenedaneve.com\/site\/catene-da-neve-konig-k-slim\/\"  ><div class='aviaccordion-preview ' style='width:20.1%'><div class='aviaccordion-preview-title-pos'><div class='aviaccordion-preview-title-wrap'><div class='aviaccordion-preview-title'><h3 class='aviaccordion-title  '  itemprop=\"headline\"  >Konig K-Slim, la pi\u00f9 sottile<\/h3><\/div><\/div><\/div><\/div><img width=\"617\" height=\"705\" src=\"https:\/\/www.catenedaneve.com\/site\/wp-content\/uploads\/2023\/05\/Konig_KSlim_oblique-617x705.jpg\" class=\"avia-img-lazy-loading-not-6466 aviaccordion-image\" alt=\"\" srcset=\"https:\/\/www.catenedaneve.com\/site\/wp-content\/uploads\/2023\/05\/Konig_KSlim_oblique-617x705.jpg 617w, https:\/\/www.catenedaneve.com\/site\/wp-content\/uploads\/2023\/05\/Konig_KSlim_oblique-262x300.jpg 262w, https:\/\/www.catenedaneve.com\/site\/wp-content\/uploads\/2023\/05\/Konig_KSlim_oblique-768x878.jpg 768w, https:\/\/www.catenedaneve.com\/site\/wp-content\/uploads\/2023\/05\/Konig_KSlim_oblique.jpg 867w\" sizes=\"(max-width: 617px) 100vw, 617px\" \/><\/a><\/li><li class='aviaccordion-slide aviaccordion-slide-5' style='left:80%' data-av-left='80'  itemscope=\"itemscope\" itemtype=\"https:\/\/schema.org\/CreativeWork\" ><a class='aviaccordion-slide-link noHover' href=\"https:\/\/www.catenedaneve.com\/site\/catene-da-neve-konig-cb-7\/\"  ><div class='aviaccordion-preview ' style='width:20.1%'><div class='aviaccordion-preview-title-pos'><div class='aviaccordion-preview-title-wrap'><div class='aviaccordion-preview-title'><h3 class='aviaccordion-title  '  itemprop=\"headline\"  >Konig CB-7, 7mm economica<\/h3><\/div><\/div><\/div><\/div><img width=\"620\" height=\"705\" src=\"https:\/\/www.catenedaneve.com\/site\/wp-content\/uploads\/2023\/05\/Konig_CB7_oblique-620x705.jpg\" class=\"avia-img-lazy-loading-not-6502 aviaccordion-image\" alt=\"\" srcset=\"https:\/\/www.catenedaneve.com\/site\/wp-content\/uploads\/2023\/05\/Konig_CB7_oblique-620x705.jpg 620w, https:\/\/www.catenedaneve.com\/site\/wp-content\/uploads\/2023\/05\/Konig_CB7_oblique-264x300.jpg 264w, https:\/\/www.catenedaneve.com\/site\/wp-content\/uploads\/2023\/05\/Konig_CB7_oblique-768x874.jpg 768w, https:\/\/www.catenedaneve.com\/site\/wp-content\/uploads\/2023\/05\/Konig_CB7_oblique.jpg 870w\" sizes=\"(max-width: 620px) 100vw, 620px\" \/><\/a><\/li><\/ul><div class='aviaccordion-spacer' style='padding-bottom:100%'><\/div><\/div><\/div><\/p>\n<div class=\"flex_column av_one_full  av-animated-generic top-to-bottom  flex_column_div av-zero-column-padding first  avia-builder-el-6  el_after_av_one_full  el_before_av_hr  column-top-margin\" style='border-radius:0px; '><div  id=\"accordion_slider_2\"  class='aviaccordion aviaccordion-title-active  ' style='max-height:705px' data-av-maxheight='705' data-autoplay='false' data-interval='5'   itemscope=\"itemscope\" itemtype=\"https:\/\/schema.org\/Blog\" ><ul class='aviaccordion-inner'><li class='aviaccordion-slide aviaccordion-slide-1' style='left:0%' data-av-left='0'  itemscope=\"itemscope\" itemtype=\"https:\/\/schema.org\/CreativeWork\" ><a class='aviaccordion-slide-link noHover' href=\"https:\/\/www.catenedaneve.com\/site\/catene-da-neve-konig-cs-9\/\"  ><div class='aviaccordion-preview ' style='width:20.1%'><div class='aviaccordion-preview-title-pos'><div class='aviaccordion-preview-title-wrap'><div class='aviaccordion-preview-title'><h3 class='aviaccordion-title  '  itemprop=\"headline\"  >Konig CS-9, smontaggio facile<\/h3><\/div><\/div><\/div><\/div><img width=\"578\" height=\"705\" src=\"https:\/\/www.catenedaneve.com\/site\/wp-content\/uploads\/2022\/09\/Konig_CS9_oblique-578x705.jpg\" class=\"avia-img-lazy-loading-not-6238 aviaccordion-image\" alt=\"\" srcset=\"https:\/\/www.catenedaneve.com\/site\/wp-content\/uploads\/2022\/09\/Konig_CS9_oblique-578x705.jpg 578w, https:\/\/www.catenedaneve.com\/site\/wp-content\/uploads\/2022\/09\/Konig_CS9_oblique-246x300.jpg 246w, https:\/\/www.catenedaneve.com\/site\/wp-content\/uploads\/2022\/09\/Konig_CS9_oblique-768x938.jpg 768w, https:\/\/www.catenedaneve.com\/site\/wp-content\/uploads\/2022\/09\/Konig_CS9_oblique.jpg 811w\" sizes=\"(max-width: 578px) 100vw, 578px\" \/><\/a><\/li><li class='aviaccordion-slide aviaccordion-slide-2' style='left:20%' data-av-left='20'  itemscope=\"itemscope\" itemtype=\"https:\/\/schema.org\/CreativeWork\" ><a class='aviaccordion-slide-link noHover' href=\"https:\/\/www.catenedaneve.com\/site\/catene-da-neve-konig-cg-9\/\"  ><div class='aviaccordion-preview ' style='width:20.1%'><div class='aviaccordion-preview-title-pos'><div class='aviaccordion-preview-title-wrap'><div class='aviaccordion-preview-title'><h3 class='aviaccordion-title  '  itemprop=\"headline\"  >Konig CG-9, comfortevole<\/h3><\/div><\/div><\/div><\/div><img width=\"601\" height=\"705\" src=\"https:\/\/www.catenedaneve.com\/site\/wp-content\/uploads\/2023\/05\/Konig_CG9_oblique-601x705.jpg\" class=\"avia-img-lazy-loading-not-6480 aviaccordion-image\" alt=\"\" srcset=\"https:\/\/www.catenedaneve.com\/site\/wp-content\/uploads\/2023\/05\/Konig_CG9_oblique-601x705.jpg 601w, https:\/\/www.catenedaneve.com\/site\/wp-content\/uploads\/2023\/05\/Konig_CG9_oblique-256x300.jpg 256w, https:\/\/www.catenedaneve.com\/site\/wp-content\/uploads\/2023\/05\/Konig_CG9_oblique-768x901.jpg 768w, https:\/\/www.catenedaneve.com\/site\/wp-content\/uploads\/2023\/05\/Konig_CG9_oblique.jpg 844w\" sizes=\"(max-width: 601px) 100vw, 601px\" \/><\/a><\/li><li class='aviaccordion-slide aviaccordion-slide-3' style='left:40%' data-av-left='40'  itemscope=\"itemscope\" itemtype=\"https:\/\/schema.org\/CreativeWork\" ><a class='aviaccordion-slide-link noHover' href=\"https:\/\/www.catenedaneve.com\/site\/catene-da-neve-konig-cd-9\/\"  ><div class='aviaccordion-preview ' style='width:20.1%'><div class='aviaccordion-preview-title-pos'><div class='aviaccordion-preview-title-wrap'><div class='aviaccordion-preview-title'><h3 class='aviaccordion-title  '  itemprop=\"headline\"  >Konig CD-9, affidabilit\u00e0<\/h3><\/div><\/div><\/div><\/div><img width=\"599\" height=\"705\" src=\"https:\/\/www.catenedaneve.com\/site\/wp-content\/uploads\/2023\/05\/Konig_CD9_oblique-599x705.jpg\" class=\"avia-img-lazy-loading-not-6494 aviaccordion-image\" alt=\"\" srcset=\"https:\/\/www.catenedaneve.com\/site\/wp-content\/uploads\/2023\/05\/Konig_CD9_oblique-599x705.jpg 599w, https:\/\/www.catenedaneve.com\/site\/wp-content\/uploads\/2023\/05\/Konig_CD9_oblique-255x300.jpg 255w, https:\/\/www.catenedaneve.com\/site\/wp-content\/uploads\/2023\/05\/Konig_CD9_oblique-768x904.jpg 768w, https:\/\/www.catenedaneve.com\/site\/wp-content\/uploads\/2023\/05\/Konig_CD9_oblique.jpg 842w\" sizes=\"(max-width: 599px) 100vw, 599px\" \/><\/a><\/li><li class='aviaccordion-slide aviaccordion-slide-4' style='left:60%' data-av-left='60'  itemscope=\"itemscope\" itemtype=\"https:\/\/schema.org\/CreativeWork\" ><a class='aviaccordion-slide-link noHover' href=\"https:\/\/www.catenedaneve.com\/site\/catene-da-neve-konig-cl-10\/\"  ><div class='aviaccordion-preview ' style='width:20.1%'><div class='aviaccordion-preview-title-pos'><div class='aviaccordion-preview-title-wrap'><div class='aviaccordion-preview-title'><h3 class='aviaccordion-title  '  itemprop=\"headline\"  >Konig CL-10, rompighiaccio<\/h3><\/div><\/div><\/div><\/div><img width=\"599\" height=\"705\" src=\"https:\/\/www.catenedaneve.com\/site\/wp-content\/uploads\/2023\/05\/Konig_CL10_oblique-599x705.jpg\" class=\"avia-img-lazy-loading-not-6472 aviaccordion-image\" alt=\"\" srcset=\"https:\/\/www.catenedaneve.com\/site\/wp-content\/uploads\/2023\/05\/Konig_CL10_oblique-599x705.jpg 599w, https:\/\/www.catenedaneve.com\/site\/wp-content\/uploads\/2023\/05\/Konig_CL10_oblique-255x300.jpg 255w, https:\/\/www.catenedaneve.com\/site\/wp-content\/uploads\/2023\/05\/Konig_CL10_oblique-768x904.jpg 768w, https:\/\/www.catenedaneve.com\/site\/wp-content\/uploads\/2023\/05\/Konig_CL10_oblique.jpg 841w\" sizes=\"(max-width: 599px) 100vw, 599px\" \/><\/a><\/li><li class='aviaccordion-slide aviaccordion-slide-5' style='left:80%' data-av-left='80'  itemscope=\"itemscope\" itemtype=\"https:\/\/schema.org\/CreativeWork\" ><a class='aviaccordion-slide-link noHover' href=\"https:\/\/www.catenedaneve.com\/site\/catene-da-neve-konig-e9\/\"  ><div class='aviaccordion-preview ' style='width:20.1%'><div class='aviaccordion-preview-title-pos'><div class='aviaccordion-preview-title-wrap'><div class='aviaccordion-preview-title'><h3 class='aviaccordion-title  '  itemprop=\"headline\"  >Konig E9, economica<\/h3><\/div><\/div><\/div><\/div><img width=\"439\" height=\"705\" src=\"https:\/\/www.catenedaneve.com\/site\/wp-content\/uploads\/2019\/03\/E9-1-439x705.jpg\" class=\"avia-img-lazy-loading-not-3819 aviaccordion-image\" alt=\"catene da neve Konig E9\" srcset=\"https:\/\/www.catenedaneve.com\/site\/wp-content\/uploads\/2019\/03\/E9-1-439x705.jpg 439w, https:\/\/www.catenedaneve.com\/site\/wp-content\/uploads\/2019\/03\/E9-1-187x300.jpg 187w, https:\/\/www.catenedaneve.com\/site\/wp-content\/uploads\/2019\/03\/E9-1-450x723.jpg 450w, https:\/\/www.catenedaneve.com\/site\/wp-content\/uploads\/2019\/03\/E9-1.jpg 622w\" sizes=\"(max-width: 439px) 100vw, 439px\" \/><\/a><\/li><\/ul><div class='aviaccordion-spacer' style='padding-bottom:100%'><\/div><\/div><\/div>\n<div   class='hr hr-default   avia-builder-el-8  el_after_av_one_full  avia-builder-el-last '><span class='hr-inner ' ><span class='hr-inner-style'><\/span><\/span><\/div>\n","protected":false},"excerpt":{"rendered":"","protected":false},"author":2,"featured_media":0,"parent":0,"menu_order":0,"comment_status":"closed","ping_status":"closed","template":"","meta":{"_exactmetrics_skip_tracking":false,"_exactmetrics_sitenote_active":false,"_exactmetrics_sitenote_note":"","_exactmetrics_sitenote_category":0},"yoast_head":"<!-- This site is optimized with the Yoast SEO plugin v16.3 - https:\/\/yoast.com\/wordpress\/plugins\/seo\/ -->\n<title>Le Catene Da Neve K\u00f6nig Per Auto | vendita e assistenza<\/title>\n<meta name=\"description\" content=\"Le catene da neve Konig per auto sono la soluzione giusta per qualsisasi tipo di auto anche quelli che non potrebbero usare catene. Da noi migliori prezzi.\" \/>\n<meta name=\"robots\" content=\"index, follow, max-snippet:-1, max-image-preview:large, max-video-preview:-1\" \/>\n<link rel=\"canonical\" href=\"https:\/\/www.catenedaneve.com\/site\/catene-da-neve-konig-per-auto\/\" \/>\n<meta property=\"og:locale\" content=\"it_IT\" \/>\n<meta property=\"og:type\" content=\"article\" \/>\n<meta property=\"og:title\" content=\"Le Catene Da Neve K\u00f6nig Per Auto | vendita e assistenza\" \/>\n<meta property=\"og:description\" content=\"Le catene da neve Konig per auto sono la soluzione giusta per qualsisasi tipo di auto anche quelli che non potrebbero usare catene. Da noi migliori prezzi.\" \/>\n<meta property=\"og:url\" content=\"https:\/\/www.catenedaneve.com\/site\/catene-da-neve-konig-per-auto\/\" \/>\n<meta property=\"og:site_name\" content=\"K2 Centro Catene da neve K\u00f6nig\" \/>\n<meta property=\"article:publisher\" content=\"https:\/\/www.facebook.com\/centrocateneneve\/\" \/>\n<meta property=\"article:modified_time\" content=\"2023-10-10T13:34:17+00:00\" \/>\n<meta name=\"twitter:card\" content=\"summary_large_image\" \/>\n<meta name=\"twitter:site\" content=\"@neveforeveramen\" \/>\n<meta name=\"twitter:label1\" content=\"Tempo di lettura stimato\">\n\t<meta name=\"twitter:data1\" content=\"5 minuti\">\n<script type=\"application\/ld+json\" class=\"yoast-schema-graph\">{\"@context\":\"https:\/\/schema.org\",\"@graph\":[{\"@type\":\"Organization\",\"@id\":\"https:\/\/www.catenedaneve.com\/site\/#organization\",\"name\":\"K2 SRL\",\"url\":\"https:\/\/www.catenedaneve.com\/site\/\",\"sameAs\":[\"https:\/\/www.facebook.com\/centrocateneneve\/\",\"https:\/\/www.youtube.com\/user\/K2CentroCateneNeve\",\"https:\/\/twitter.com\/neveforeveramen\"],\"logo\":{\"@type\":\"ImageObject\",\"@id\":\"https:\/\/www.catenedaneve.com\/site\/#logo\",\"inLanguage\":\"it-IT\",\"url\":\"https:\/\/www.catenedaneve.com\/site\/wp-content\/uploads\/2019\/11\/k2_logo_medium.jpg\",\"contentUrl\":\"https:\/\/www.catenedaneve.com\/site\/wp-content\/uploads\/2019\/11\/k2_logo_medium.jpg\",\"width\":193,\"height\":140,\"caption\":\"K2 SRL\"},\"image\":{\"@id\":\"https:\/\/www.catenedaneve.com\/site\/#logo\"}},{\"@type\":\"WebSite\",\"@id\":\"https:\/\/www.catenedaneve.com\/site\/#website\",\"url\":\"https:\/\/www.catenedaneve.com\/site\/\",\"name\":\"Catene da neve Konig\",\"description\":\"catene da neve\",\"publisher\":{\"@id\":\"https:\/\/www.catenedaneve.com\/site\/#organization\"},\"potentialAction\":[{\"@type\":\"SearchAction\",\"target\":\"https:\/\/www.catenedaneve.com\/site\/?s={search_term_string}\",\"query-input\":\"required name=search_term_string\"}],\"inLanguage\":\"it-IT\"},{\"@type\":\"WebPage\",\"@id\":\"https:\/\/www.catenedaneve.com\/site\/catene-da-neve-konig-per-auto\/#webpage\",\"url\":\"https:\/\/www.catenedaneve.com\/site\/catene-da-neve-konig-per-auto\/\",\"name\":\"Le Catene Da Neve K\\u00f6nig Per Auto | vendita e assistenza\",\"isPartOf\":{\"@id\":\"https:\/\/www.catenedaneve.com\/site\/#website\"},\"datePublished\":\"2019-03-29T13:52:52+00:00\",\"dateModified\":\"2023-10-10T13:34:17+00:00\",\"description\":\"Le catene da neve Konig per auto sono la soluzione giusta per qualsisasi tipo di auto anche quelli che non potrebbero usare catene. Da noi migliori prezzi.\",\"breadcrumb\":{\"@id\":\"https:\/\/www.catenedaneve.com\/site\/catene-da-neve-konig-per-auto\/#breadcrumb\"},\"inLanguage\":\"it-IT\",\"potentialAction\":[{\"@type\":\"ReadAction\",\"target\":[\"https:\/\/www.catenedaneve.com\/site\/catene-da-neve-konig-per-auto\/\"]}]},{\"@type\":\"BreadcrumbList\",\"@id\":\"https:\/\/www.catenedaneve.com\/site\/catene-da-neve-konig-per-auto\/#breadcrumb\",\"itemListElement\":[{\"@type\":\"ListItem\",\"position\":1,\"item\":{\"@type\":\"WebPage\",\"@id\":\"https:\/\/www.catenedaneve.com\/site\/\",\"url\":\"https:\/\/www.catenedaneve.com\/site\/\",\"name\":\"Home\"}},{\"@type\":\"ListItem\",\"position\":2,\"item\":{\"@id\":\"https:\/\/www.catenedaneve.com\/site\/catene-da-neve-konig-per-auto\/#webpage\"}}]}]}<\/script>\n<!-- \/ Yoast SEO plugin. -->","_links":{"self":[{"href":"https:\/\/www.catenedaneve.com\/site\/wp-json\/wp\/v2\/pages\/3691"}],"collection":[{"href":"https:\/\/www.catenedaneve.com\/site\/wp-json\/wp\/v2\/pages"}],"about":[{"href":"https:\/\/www.catenedaneve.com\/site\/wp-json\/wp\/v2\/types\/page"}],"author":[{"embeddable":true,"href":"https:\/\/www.catenedaneve.com\/site\/wp-json\/wp\/v2\/users\/2"}],"replies":[{"embeddable":true,"href":"https:\/\/www.catenedaneve.com\/site\/wp-json\/wp\/v2\/comments?post=3691"}],"version-history":[{"count":19,"href":"https:\/\/www.catenedaneve.com\/site\/wp-json\/wp\/v2\/pages\/3691\/revisions"}],"predecessor-version":[{"id":7192,"href":"https:\/\/www.catenedaneve.com\/site\/wp-json\/wp\/v2\/pages\/3691\/revisions\/7192"}],"wp:attachment":[{"href":"https:\/\/www.catenedaneve.com\/site\/wp-json\/wp\/v2\/media?parent=3691"}],"curies":[{"name":"wp","href":"https:\/\/api.w.org\/{rel}","templated":true}]}}